68?
65
Calculate the remainder when 10030 is divided by 279.
265
Calculate the remainder when 73179 is divided by 659.
30
Calculate the remainder when 47435 is divided by 15797.
44
What is the remainder when 1085353 is divided by 15?
13
What is the remainder when 570562 is divided by 584?
578
What is the remainder when 6464 is divided by 135?
119
What is the remainder when 13336 is divided by 531?
61
What is the remainder when 2939247 is divided by 13?
12
What is the remainder when 2917 is divided by 23?
19
Calculate the remainder when 16766 is divided by 14.
8
Calculate the remainder when 15385 is divided by 75.
10
Calculate the remainder when 276587 is divided by 182.
129
Calculate the remainder when 67459 is divided by 89.
86
What is the remainder when 13333 is divided by 27?
22
Calculate the remainder when 298373 is divided by 341.
339
What is the remainder when 616962 is divided by 205651?
9
What is the remainder when 792666 is divided by 143?
17
Calculate the remainder when 24959 is divided by 192.
191
What is the remainder when 358835 is divided by 179406?
23
What is the remainder when 1070 is divided by 15?
5
What is the remainder when 12864 is divided by 11?
5
What is the remainder when 4855 is divided by 203?
186
What is the remainder when 10576 is divided by 5276?
24
What is the remainder when 3245 is divided by 65?
60
What is the remainder when 41435 is divided by 140?
135
What is the remainder when 342797 is divided by 588?
581
Calculate the remainder when 648 is divided by 61.
38
What is the remainder when 62802 is divided by 263?
208
Calculate the remainder when 901765 is divided by 923.
917
Calculate the remainder when 40551 is divided by 13508.
27
What is the remainder when 60688 is divided by 85?
83
Calculate the remainder when 39926 is divided by 46.
44
What is the remainder when 112694 is divided by 56338?
18
What is the remainder when 3340 is divided by 19?
15
What is the remainder when 2470347 is divided by 1290?
1287
What is the remainder when 18904 is divided by 65?
54
Calculate the remainder when 51993 is divided by 619.
616
Calculate the remainder when 15389 is divided by 53.
19
Calculate the remainder when 12422 is divided by 1771.
25
What is the remainder when 1475 is divided by 169?
123
What is the remainder when 4451 is divided by 246?
23
Calculate the remainder when 152145 is divided by 1001.
994
What is the remainder when 1846 is divided by 623?
600
What is the remainder when 17988 is divided by 57?
33
What is the remainder when 59817 is divided by 7476?
9
What is the remainder when 2440 is divided by 1154?
132
What is the remainder when 13984 is divided by 17?
10
What is the remainder when 50527 is divided by 62?
59
Calculate the remainder when 17963 is divided by 219.
5
Calculate the remainder when 1191 is divided by 318.
237
Calculate the remainder when 210796 is divided by 10.
6
What is the remainder when 63723 is divided by 42?
9
What is the remainder when 2701 is divided by 2678?
23
Calculate the remainder when 37115 is divided by 2183.
4
What is the remainder when 419 is divided by 7?
6
Calculate the remainder when 22213 is divided by 35.
23
What is the remainder when 117185 is divided by 24?
17
What is the remainder when 4673 is divided by 734?
269
Calculate the remainder when 6908 is divided by 5.
3
What is the remainder when 6256 is divided by 2071?
43
Calculate the remainder when 14996 is divided by 2457.
254
Calculate the remainder when 4693145 is divided by 14.
9
Calculate the remainder when 148357 is divided by 18543.
13
What is the remainder when 30197 is divided by 30181?
16
Calculate the remainder when 213206 is divided by 207.
203
What is the remainder when 1741 is divided by 5?
1
What is the remainder when 3104 is divided by 1547?
10
What is the remainder when 302971 is divided by 96?
91
What is the remainder when 47722 is divided by 1163?
39
Calculate the remainder when 2120 is divided by 235.
5
What is the remainder when 39640 is divided by 6605?
10
What is the remainder when 37735 is divided by 73?
67
What is the remainder when 120521 is divided by 566?
529
Calculate the remainder when 41020 is divided by 68.
16
What is the remainder when 50298 is divided by 191?
65
Calculate the remainder when 56879 is divided by 7.
4
Calculate the remainder when 618759 is divided by 97.
93
Calculate the remainder when 20717 is divided by 20032.
685
Calculate the remainder when 597 is divided by 187.
36
What is the remainder when 243 is divided by 88?
67
Calculate the remainder when 5546444 is divided by 12.
8
What is the remainder when 11181 is divided by 702?
651
Calculate the remainder when 32164 is divided by 16081.
2
Calculate the remainder when 350907 is divided by 148.
147
Calculate the remainder when 3267 is divided by 1632.
3
Calculate the remainder when 119147 is divided by 5180.
7
What is the remainder when 409 is divided by 180?
49
Calculate the remainder when 290140 is divided by 115.
110
What is the remainder when 22892 is divided by 402?
380
What is the remainder when 18221 is divided by 134?
131
Calculate the remainder when 367285 is divided by 33.
28
Calculate the remainder when 976 is divided by 532.
444
What is the remainder when 14583 is divided by 101?
39
What is the remainder when 18238 is divided by 240?
238
Calculate the remainder when 52776 is divided by 334.
4
What is the remainder when 182913 is divided by 45726?
9
Calculate the remainder when 1336438 is divided by 148.
146
What is the remainder when 405389 is divided by 26?
23
Calculate the remainder when 15408 is divided by 486.
342
Calculate the remainder when 5068 is divided by 220.
8
What is the remainder when 574053 is divided by 714?
711
Calculate the remainder when 1548 is divided by 342.
180
Calculate the remainder when 57953 is divided by 627.
269
Calculate the remainder when 56832 is divided by 1894.
12
Calculate the remainder when 289755 is divided by 38.
5
What is the remainder when 7013 is divided by 1400?
13
What is the remainder when 17 is divided by 2?
1
What is the remainder when 5353 is divided by 2783?
2570
What is the remainder when 17078 is divided by 776?
6
What is the remainder when 1330 is divided by 1298?
32
What is the remainder when 448 is divided by 140?
28
Calculate the remainder when 1204 is divided by 635.
569
What is the remainder when 147012 is divided by 363?
360
Calculate the remainder when 665 is divided by 636.
29
What is the remainder when 14762 is divided by 32?
10
What is the remainder when 15351 is divided by 496?
471
Calculate the remainder when 94159 is divided by 2942.
15
Calculate the remainder when 14653 is divided by 107.
101
What is the remainder when 3804 is divided by 103?
96
Calculate the remainder when 2885 is divided by 167.
46
What is the remainder when 17799 is divided by 5906?
81
What is the remainder when 10982 is divided by 334?
294
What is the remainder when 5754 is divided by 1912?
18
What is the remainder when 295272 is divided by 140?
12
What is the remainder when 7697 is divided by 96?
17
What is the remainder when 40220 is divided by 38?
16
What is the remainder when 3822 is divided by 11?
5
What is the remainder when 6917818 is divided by 2548?
2546
Calculate the remainder when 2871 is divided by 804.
459
What is the remainder when 23228 is divided by 14?
2
Calculate the remainder when 132566 is divided by 1617.
1589
What is the remainder when 13083 is divided by 13062?
21
What is the remainder when 19704 is divided by 7?
6
Calculate the remainder when 50862 is divided by 50856.
6
Calculate the remainder when 533164 is divided by 16.
12
What is the remainder when 21486 is divided by 27?
21
Calculate the remainder when 32471 is divided by 451.
450
Calculate the remainder when 819 is divided by 192.
51
What is the remainder when 30698 is divided by 502?
76
Calculate the remainder when 16902 is divided by 41.
10
What is the remainder when 2701 is divided by 354?
223
What is the remainder when 113938 is divided by 5694?
58
Calculate the remainder when 10529 is divided by 459.
431
Calculate the remainder when 23214 is divided by 86.
80
Calculate the remainder when 44 is divided by 10.
4
Calculate the remainder when 13387 is divided by 65.
62
What is the remainder w